{"id":20237,"date":"2022-06-10T21:38:49","date_gmt":"2022-06-10T21:38:49","guid":{"rendered":"https:\/\/farelliprofesional.com\/?post_type=product&#038;p=20237"},"modified":"2025-12-13T04:29:14","modified_gmt":"2025-12-13T04:29:14","slug":"colageno","status":"publish","type":"product","link":"https:\/\/farelliprofesional.com\/index.php\/producto\/colageno\/","title":{"rendered":"Col\u00e1geno"},"content":{"rendered":"<p>MODO DE EMPLEO:\u00a0Se aplica en cabello h\u00famedo y limpio, aplicar una cantidad similar a la que utilizas de shampoo, distribuir muy bien de medios a puntas y cepillar. Peinar al gusto, No se enjuaga.<\/p>\n<p>ACTIVOS:\u00a0Prote\u00edna hidrolizada.<\/p>\n<p>IMPORTANTE:\u00a0En exceso, podr\u00eda producir sensaci\u00f3n grasosa y pesada. Aplicarsobre cabello h\u00famedo.<\/p>\n<p>PH 4.5 \u2013 5.5<\/p>\n<p>PRESENTACIONES:\u00a0250 ml y 1 lt.<\/p>\n","protected":false},"excerpt":{"rendered":"<p>Es una crema acondicionadora hidratante y reconstructiva, ideal para todo tipo de cabello, desenreda y cierra la cut\u00edcula.<\/p>\n<p>Es de uso diario despu\u00e9s del ba\u00f1o, en cabello h\u00famedo. Facilita el peinado y desenreda. Es ideal para peinar, recomendado incluso para el cabello de las ni\u00f1as.<\/p>\n<p>Repone el col\u00e1geno y elastina perdidos en tratamientos capilares, es un reparador de los da\u00f1os qu\u00edmicos y por contaminaci\u00f3n ambiental. Desenreda y previene la orzuela, brinda elasticidad, fuerza y resistencia al cabello.<\/p>\n","protected":false},"featured_media":20865,"comment_status":"open","ping_status":"closed","template":"","meta":{"om_disable_all_campaigns":false,"_monsterinsights_skip_tracking":false,"_monsterinsights_sitenote_active":false,"_monsterinsights_sitenote_note":"","_monsterinsights_sitenote_category":0,"spay_email":""},"product_cat":[98,100],"product_tag":[],"class_list":["post-20237","product","type-product","status-publish","has-post-thumbnail","hentry","product_cat-salon","product_cat-tratamientosencrema"],"aioseo_notices":[],"_links":{"self":[{"href":"https:\/\/farelliprofesional.com\/index.php\/wp-json\/wp\/v2\/product\/20237","targetHints":{"allow":["GET"]}}],"collection":[{"href":"https:\/\/farelliprofesional.com\/index.php\/wp-json\/wp\/v2\/product"}],"about":[{"href":"https:\/\/farelliprofesional.com\/index.php\/wp-json\/wp\/v2\/types\/product"}],"replies":[{"embeddable":true,"href":"https:\/\/farelliprofesional.com\/index.php\/wp-json\/wp\/v2\/comments?post=20237"}],"wp:featuredmedia":[{"embeddable":true,"href":"https:\/\/farelliprofesional.com\/index.php\/wp-json\/wp\/v2\/media\/20865"}],"wp:attachment":[{"href":"https:\/\/farelliprofesional.com\/index.php\/wp-json\/wp\/v2\/media?parent=20237"}],"wp:term":[{"taxonomy":"product_cat","embeddable":true,"href":"https:\/\/farelliprofesional.com\/index.php\/wp-json\/wp\/v2\/product_cat?post=20237"},{"taxonomy":"product_tag","embeddable":true,"href":"https:\/\/farelliprofesional.com\/index.php\/wp-json\/wp\/v2\/product_tag?post=20237"}],"curies":[{"name":"wp","href":"https:\/\/api.w.org\/{rel}","templated":true}]}}