{"id":20412,"date":"2022-07-18T14:31:39","date_gmt":"2022-07-18T14:31:39","guid":{"rendered":"https:\/\/farelliprofesional.com\/?post_type=product&#038;p=20412"},"modified":"2025-11-18T07:05:19","modified_gmt":"2025-11-18T07:05:19","slug":"shampoo-matizador","status":"publish","type":"product","link":"https:\/\/farelliprofesional.com\/index.php\/producto\/shampoo-matizador\/","title":{"rendered":"Shampoo Matizador"},"content":{"rendered":"<p class=\"_04xlpA direction-ltr align-justify para-style-body\"><strong><span class=\"JsGRdQ\">\u00a0<\/span><span class=\"JsGRdQ\">MODO DE EMPLEO:<\/span><\/strong><span class=\"JsGRdQ\"> Lavar previamente el cabello y en una segunda aplicaci\u00f3n masajear el cabello poniendo especial atenci\u00f3n en las \u00e1reas donde se desea matizar o intensificar. Dejar actuar de 5 a 10 minutos o mas si es posible, exprimir para permitir penetre de forma mas efectiva el pigmento y enjuagar. Se puede usar tambi\u00e9n en seco. La frecuencia de uso depender\u00e1 del grado deseado de i<\/span><span class=\"JsGRdQ\">ntensificado y matizado. 2 o 3 veces a la semana para el mantenimiento de color.<\/span><\/p>\n<p class=\"_04xlpA direction-ltr align-justify para-style-body\"><strong><span class=\"JsGRdQ\">\u00a0<\/span><\/strong><span class=\"JsGRdQ\"><strong>ACTIVOS:<\/strong> Pantenol, humectantes y pigmentos de alta tecnolog\u00eda.<\/span><\/p>\n<p class=\"_04xlpA direction-ltr align-justify para-style-body\"><strong><span class=\"JsGRdQ\">\u00a0<\/span><\/strong><span class=\"JsGRdQ\"><strong>IMPORTANTE:<\/strong>\u00a0Se recomienda usar guantes para el manejo del Shampoo. Evitar el contacto de los ojos. PH 5.5 a 6.<\/span><\/p>\n","protected":false},"excerpt":{"rendered":"<p class=\"_04xlpA direction-ltr align-justify para-style-body\"><span class=\"JsGRdQ\">Ayudan a mantener el color cosm\u00e9tico en buen estado prologando su vida \u00fatil. Realza su belleza intensidad y brillo. Ideal para trabajos de color dejando un cabello hermoso.<\/span><\/p>\n<p class=\"_04xlpA direction-ltr align-justify para-style-body\"><span class=\"JsGRdQ\">El shampoo matizador <\/span><span class=\"JsGRdQ\">violeta<\/span><span class=\"JsGRdQ\"> sirve para neutralizar los visos amarillos y naranjas del cabello.<\/span><\/p>\n<p class=\"_04xlpA direction-ltr align-justify para-style-body\"><span class=\"JsGRdQ\">El shampoo <\/span><span class=\"JsGRdQ\">negro<\/span><span class=\"JsGRdQ\"> ideal para dar profundidad tonos oscuros o para platinar y cenizar el cabello en alturas superiores a 8.<\/span><\/p>\n<p class=\"_04xlpA direction-ltr align-justify para-style-body\">\n","protected":false},"featured_media":20933,"comment_status":"open","ping_status":"closed","template":"","meta":{"om_disable_all_campaigns":false,"_monsterinsights_skip_tracking":false,"_monsterinsights_sitenote_active":false,"_monsterinsights_sitenote_note":"","_monsterinsights_sitenote_category":0,"spay_email":""},"product_cat":[103,98,105],"product_tag":[],"class_list":["post-20412","product","type-product","status-publish","has-post-thumbnail","hentry","product_cat-matizadores","product_cat-salon","product_cat-shampoo"],"aioseo_notices":[],"_links":{"self":[{"href":"https:\/\/farelliprofesional.com\/index.php\/wp-json\/wp\/v2\/product\/20412","targetHints":{"allow":["GET"]}}],"collection":[{"href":"https:\/\/farelliprofesional.com\/index.php\/wp-json\/wp\/v2\/product"}],"about":[{"href":"https:\/\/farelliprofesional.com\/index.php\/wp-json\/wp\/v2\/types\/product"}],"replies":[{"embeddable":true,"href":"https:\/\/farelliprofesional.com\/index.php\/wp-json\/wp\/v2\/comments?post=20412"}],"wp:featuredmedia":[{"embeddable":true,"href":"https:\/\/farelliprofesional.com\/index.php\/wp-json\/wp\/v2\/media\/20933"}],"wp:attachment":[{"href":"https:\/\/farelliprofesional.com\/index.php\/wp-json\/wp\/v2\/media?parent=20412"}],"wp:term":[{"taxonomy":"product_cat","embeddable":true,"href":"https:\/\/farelliprofesional.com\/index.php\/wp-json\/wp\/v2\/product_cat?post=20412"},{"taxonomy":"product_tag","embeddable":true,"href":"https:\/\/farelliprofesional.com\/index.php\/wp-json\/wp\/v2\/product_tag?post=20412"}],"curies":[{"name":"wp","href":"https:\/\/api.w.org\/{rel}","templated":true}]}}

<p class="_04xlpA direction-ltr align-justify para-style-body"><strong><span class="JsGRdQ"> </span><span class="JsGRdQ">MODO DE EMPLEO:</span></strong><span class="JsGRdQ"> Lavar previamente el cabello y en una segunda aplicación masajear el cabello poniendo especial atención en las áreas donde se desea matizar o intensificar. Dejar actuar de 5 a 10 minutos o mas si es posible, exprimir para permitir penetre de forma mas efectiva el pigmento y enjuagar. Se puede usar también en seco. La frecuencia de uso dependerá del grado deseado de i</span><span class="JsGRdQ">ntensificado y matizado. 2 o 3 veces a la semana para el mantenimiento de color.</span></p>
<p class="_04xlpA direction-ltr align-justify para-style-body"><strong><span class="JsGRdQ"> </span></strong><span class="JsGRdQ"><strong>ACTIVOS:</strong> Pantenol, humectantes y pigmentos de alta tecnología.</span></p>
<p class="_04xlpA direction-ltr align-justify para-style-body"><strong><span class="JsGRdQ"> </span></strong><span class="JsGRdQ"><strong>IMPORTANTE:</strong> Se recomienda usar guantes para el manejo del Shampoo. Evitar el contacto de los ojos. PH 5.5 a 6.</span></p>

<p class="_04xlpA direction-ltr align-justify para-style-body"><span class="JsGRdQ">Ayudan a mantener el color cosmético en buen estado prologando su vida útil. Realza su belleza intensidad y brillo. Ideal para trabajos de color dejando un cabello hermoso.</span></p>
<p class="_04xlpA direction-ltr align-justify para-style-body"><span class="JsGRdQ">El shampoo matizador </span><span class="JsGRdQ">violeta</span><span class="JsGRdQ"> sirve para neutralizar los visos amarillos y naranjas del cabello.</span></p>
<p class="_04xlpA direction-ltr align-justify para-style-body"><span class="JsGRdQ">El shampoo </span><span class="JsGRdQ">negro</span><span class="JsGRdQ"> ideal para dar profundidad tonos oscuros o para platinar y cenizar el cabello en alturas superiores a 8.</span></p>
<p class="_04xlpA direction-ltr align-justify para-style-body">
